actors of (275/44)/(b/(-8))?
5
Let s = -103 + 74. Let z = -157 - -204. Let i = z + s. List the prime factors of i.
2, 3
Let s = 249 - 192. What are the prime factors of s?
3, 19
Let r be 30/14 - 2/14. Let i(a) = 41*a**3 + 2*a**2 - 2*a. Let x be i(r). List the prime factors of 26/(-143) + x/11.
2, 3, 5
Suppose 7*x - 8*x - n + 726 = 0, 4*x = -n + 2913. What are the prime factors of x?
3
Suppose -12 = 3*i, -3*i + 11 = 3*x - 19. Suppose 3*m - x = -o, 2*m = 3*m + 5. List the prime factors of o.
29
Suppose 3*p = 2*b + 5154, -2*b + 6434 = 4*p - 438. What are the prime factors of p?
2, 859
Suppose 0 = -2*j - 2*j + 8. Suppose -j*p = p - 147. List the prime factors of p.
7
Suppose 0*w - 5*w + 5*v = 0, 2*v = 5*w + 9. Let p(l) = 2 + 9*l**3 - l**2 - 15*l**3 - 3*l + 4*l**3 - 3*l**2. What are the prime factors of p(w)?
29
Suppose -2*b - 4*h = -10634, -2*h - 10589 = -2*b + 3*h. What are the prime factors of b?
3, 29, 61
Let t(z) be the second derivative of z**4/12 - z**3/6 + 5*z**2/2 + z. Let y be t(0). Suppose 4*r + y = 53. What are the prime factors of r?
2, 3
Suppose 3 = y - 4. Suppose -8*z + 5 = -y*z. Suppose -4*h + 51 = z*j, 4*h - 5*j = h + 82. What are the prime factors of h?
19
Let t(m) = 7*m**2 - 477*m + 31. What are the prime factors of t(79)?
5, 17, 71
Suppose -2*x = -2*q - 4734, -3*x + 13*q - 16*q = -7107. What are the prime factors of x?
2, 37
Let y be (-3 - -5) + 24 + 0. Suppose 0 = 5*f - 3*f + y. Let b = f - -22. What are the prime factors of b?
3
Suppose 0*g - 12*g = 72. What are the prime factors of 6/(-9)*(g + -75)?
2, 3
Suppose 3717 = 2*v + 3*x, 9250 = 5*v - 37*x + 36*x. List the prime factors of v.
3, 617
Let y = -140 + 340. List the prime factors of y.
2, 5
Let f = -423 + 623. Let q = f - 74. What are the prime factors of q?
2, 3, 7
Let k be (15/(-12))/(2/(-8)). Suppose k*y - 3*i - 792 = 0, -y - 3*i = y - 300. List the prime factors of 3/(-5) + y/10.
3, 5
Let r(w) = 2*w + 202. List the prime factors of r(45).
2, 73
Suppose 10306 = 5*y + 3*w, -2030 = -3*y - 5*w + 4160. List the prime factors of y.
2, 5, 103
Let u be ((-2)/3)/(10/15). Let p be -4*3/(-12) + u. Suppose 0*w - 3*w + 42 = p. List the prime factors of w.
2, 7
Let d(c) = -8*c + 7. Let b be (1/(-2))/((-3)/(-36)). List the prime factors of d(b).
5, 11
Suppose 2*z + 452 - 1094 = 0. List the prime factors of z.
3, 107
Suppose h = -6*h - 1708. Let b = h + 389. What are the prime factors of b?
5, 29
Let v(c) = 3*c**2 - 9*c - 15. Let m(b) = 8*b**2 - 27*b - 44. Let l(x) = -4*m(x) + 11*v(x). List the prime factors of l(-8).
3
Let k(h) = -5*h**3 - 20*h**2 - 7*h + 21. What are the prime factors of k(-5)?
181
Let m be (15/(-10))/((-9)/6). Let r be (m - (-49 + -3)) + 3. Let u = 78 - r. What are the prime factors of u?
2, 11
Suppose -8*k + 3*k = -4*j - 38, -2*k - 4 = 0. Let z = -19 - j. What are the prime factors of (z - -9) + 11*3?
5, 7
Let d(w) = 463*w + 63. What are the prime factors of d(7)?
2, 7, 59
Suppose 2*t - 5*t = 42. Let m = t - -82. List the prime factors of m.
2, 17
Suppose -3 = -6*q + 12555. What are the prime factors of q?
7, 13, 23
Let k = -23 - -25. Let x be 2*(0 - 10/(-4)). Suppose -x*y = j - 4*j - 124, -k*y + 62 = 5*j. List the prime factors of y.
2, 13
Suppose 30 = -5*k - f + 1520, -2*k - 2*f + 596 = 0. List the prime factors of k.
2, 149
Suppose -2*u + 2*q = -2, 5*u + 3*q = -0*q + 29. Suppose -g + u = g, -5*g + 64 = 3*z. List the prime factors of z.
2, 3
Let d(y) be the first derivative of y**4/12 + 7*y**3/6 - 3*y**2 + 7*y - 1. Let t(w) be the first derivative of d(w). List the prime factors of t(-10).
2, 3
Let m = 79 - 78. List the prime factors of (m + 97 - -2)*(15 - 14).
2, 5
Let w(r) = -r + 17. Let s be w(11). Let u(p) = p**2 - 4*p - 3. Let y be u(s). Suppose y = v - 5*k - 6, 3*v - 32 = 2*k. What are the prime factors of v?
2, 5
Suppose 3*n + 286*q = 282*q + 6414, 2*n = 4*q + 4276. List the prime factors of n.
2, 1069
Suppose -6*i = f - 4*i, 7 = f - 5*i. Suppose -f*j - 3*t + 261 = 0, 9*t - 10*t - 265 = -2*j. What are the prime factors of j?
2, 3, 11
Suppose -76959 = -13*d - 38*d. What are the prime factors of d?
3, 503
Let o = -2504 + 3650. List the prime factors of o.
2, 3, 191
Suppose 12 = -4*k - 2*c - 2*c, -5*k + 3*c + 25 = 0. Suppose -4*h = 3*t - 46, t - 5*t = -k*h - 76. Suppose 0 = 3*z - t - 60. List the prime factors of z.
2, 13
Suppose -4*q + 3*g = -9*q + 28, 2*q = -4*g + 14. Let i = -2 + q. Suppose i*n = 7 + 32. What are the prime factors of n?
13
Suppose 2*t - 504 = 5*t. Let g = 96 + t. What are the prime factors of (g/(-16))/((-2)/(-4))?
3
Let w(j) = -11 - 5*j - 1 + j**2 + 2. Suppose 0 = -o - 3*o + 36. List the prime factors of w(o).
2, 13
Suppose 0 = -s - 4*l - 17, 2*s - 3*s - 3*l - 13 = 0. What are the prime factors of (7992/(-81))/(s/3)?
2, 37
Let a = -3 - 2. Suppose -2*q - 14 = -4*x + 16, -3*x + 45 = -4*q. Let n = a - q. List the prime factors of n.
2
Let u be (84 + 0)/(14/49). Suppose -4*t - 4*a + 284 = 0, -a - a + u = 4*t. List the prime factors of t.
2, 19
Let c(n) be the first derivative of -2*n**3 + 2*n**2 - 4*n - 3. Let g be c(3). Let b = -22 - g. What are the prime factors of b?
2, 3
Suppose 5*w = 0, -2*k + 10 = 3*w + 2*w. Suppose -f = -2*q + 51, 2*q + k*f = q + 42. What are the prime factors of q?
3
Let x = -4 + -4. Let t(y) = -y**3 - 9*y**2 - 8*y + 5. Let o be t(x). Suppose -o*b + 6 = -99. List the prime factors of b.
3, 7
Let z(c) = c**2 + 1. Let r(j) = -j**3 + 2*j**2 - 9. Let k(x) = -r(x) + z(x). Let l be k(0). List the prime factors of (-2)/l - (-78)/15.
5
Let k(o) = -26*o - 4. Let x be k(-5). Let a = 190 - x. What are the prime factors of a?
2
Let a = 746 + -297. List the prime factors of a.
449
Suppose 0 = -2*s + 4160 + 1656. List the prime factors of s.
2, 727
Suppose 0 = 3*p + 3*v - 27, 3*p - 31 + 1 = -4*v. Suppose p*o = -2*o + 2072. List the prime factors of o.
7, 37
What are the prime factors of (8391/(-4))/(267/(-356))?
2797
Let f(l) be the second derivative of l**3/6 + 4*l**2 + 6*l + 2. Let z(i) = i**2 + 3*i + 4. Let v be z(-3). List the prime factors of f(v).
2, 3
Suppose -3*n = 5*y - 1660, -6*n + 2760 = -n + 5*y. What are the prime factors of n?
2, 5, 11
Let t(s) = 12*s - 32. Let y(g) = 3*g + 3. Let p be y(1). List the prime factors of t(p).
2, 5
Let l = -519 - -1904. What are the prime factors of l?
5, 277
Suppose 2*p + o + 20 = 0, 14 = -4*p - o - 22. Let z = 6 + p. Let l = 7 - z. What are the prime factors of l?
3
Let g(d) be the third derivative of -d**4/12 - 4*d**3/3 - 6*d**2. What are the prime factors of g(-12)?
2
Let d(s) = 34*s**2 - 53*s - 386. What are the prime factors of d(-10)?
2, 443
Let x(t) = -204*t + 40. What are the prime factors of x(-3)?
2, 163
Suppose -2*k + 14 = -3*k. What are the prime factors of (-4)/k + (-432)/(-7)?
2, 31
Let h(d) = -2*d**2 - 2*d + 1. Let k be h(1). List the prime factors of 3/k*-71 - 0.
71
Suppose -10*f = -8*f - 10. Suppose 43 + 32 = f*u. List the prime factors of u.
3, 5
Suppose -2*w + 5*d = -115, 4*d = 5*w + d - 316. Let x = w - 15. What are the prime factors of x?
2, 5
Suppose -44 = -v - 10. Suppose -12 = 3*o, -108 + v = -f - 2*o. Suppose f = 3*p - 3*t + 7*t, -5*t = -3*p + 46. What are the prime factors of p?
2, 11
What are the prime factors of 62190/25 + 39/(-15) + 3?
2, 311
Let i = -17 + 19. Suppose i*r - 19 = -7. Suppose -2*o + 33 = -o - 5*m, r = -2*m. What are the prime factors of o?
2, 3
Let j(y) = y**3 + 8*y**2 - 11*y - 8. Let d be j(-8). Let n = d - 23. Let f = 96 - n. List the prime factors of f.
3, 13
Let u = 3124 + -2072. List the prime factors of u.
2, 263
Suppose 4*v + 0*v - 4*n - 2008 = 0, 0 = -n - 5. List the prime factors of v.
7, 71
Let j be 2/7 - 57/(-21). Suppose -8 = -j*u + 7. Suppose -4*y - u*r = -51, y + 29 = 3*y - r. What are the prime factors of y?
2, 7
Suppose -2*c + r + 4584 = 0, 0 = -4*c + 3*c + 3*r + 2302. List the prime factors of c.
2, 5, 229
List the prime factors of (29/58)/(4/11696).
2, 17, 43
Let z = -621 - -1164. List the prime factors of z.
3, 181
What are the prime factors of (3109 - -9 - 11) + -5?
2, 3, 11, 47
Suppose 2 = 4*b - 38. Let f be (-4 - b/(-2))*-16. List the prime factors of (1/(-2))/(f/608).
19
Suppose 5*j = -4*h + 5, -h + 4*j - 1 = 6*j. Suppose 5*c + 17 = 5*w - w, 0 = -5*c - h. Suppose 48 = 2*q - 5*y - 10, 98 = w*q - 2*y. List the prime f